 a = h + 4. What is the units digit of a?
1
Let b(u) = 11*u - 2. What is the tens digit of b(7)?
7
Suppose -12 = -4*p - v + 5*v, -5*p = -2*v - 18. Suppose 0 = 3*x - p - 2. Suppose 3*n + 2*d - x = 0, 2*n + 2 = -3*d - 0*d. What is the units digit of n?
2
Let i = 7 + -5. Suppose 5*j - 105 = i*s, -5*s = -0*j + j - 48. Suppose 3*p - j = 19. What is the tens digit of p?
1
Suppose 8 = n + n. Suppose l - n = -l. What is the units digit of l?
2
Suppose -5*l + 164 = -151. Let j = -20 + l. What is the units digit of j?
3
Suppose -z + 52 = 5*d, 5*z + d + 2*d - 216 = 0. What is the tens digit of z?
4
Let w(z) = -1 - 2 - 2*z - 1. Let l be 2*(-3 - -2) - 1. What is the units digit of w(l)?
2
Let c(m) = m**3 - m**2 - m + 1. Let r(f) = 5*f**2 + 6*f - 53 + 2*f**3 + 53. Let n(u) = 3*c(u) - r(u). What is the units digit of n(9)?
3
Suppose -d = -2*m - 6*d + 62, 2*d = m - 49. What is the units digit of m?
1
Let h(r) = -12*r + 50. What is the tens digit of h(-10)?
7
Suppose -s - 35 = -g, -5*g = -s + 4*s - 135. What is the units digit of g?
0
Let p(t) = t**2 - 13*t - 5. What is the tens digit of p(16)?
4
Let n = -1 - -2. What is the units digit of -2 + n/(2/8)?
2
Let i = 35 - 8. What is the tens digit of i?
2
Suppose -1 - 9 = 5*v. Let w = 3 + v. Let g(u) = 7*u**3 + 2*u - 1. What is the units digit of g(w)?
8
What is the tens digit of (-15)/10*6/9*-39?
3
Let k = -6 + 14. Let b = k + -6. Suppose -b*z + 6 = -6. What is the units digit of z?
6
Let g = 20 - 16. Suppose -3*s + 2*w = w - 59, g*w + 110 = 5*s. What is the tens digit of s?
1
Let f = -1 - -7. Let b(n) = -n**3 + 6*n**2 + 4*n - 5. What is the units digit of b(f)?
9
Suppose -3*m = h - 5, 2*m - 4*h = 5*m - 20. Suppose 5*i + 5*x + 2 - 27 = m, -17 = -3*i - x. What is the units digit of i?
6
Let z be (4 + 1)*24/5. Suppose -4*f - 8 = -z. Let v = 1 + f. What is the units digit of v?
5
Suppose 2 = 4*d - 14. Suppose -t + d*t = 24. Suppose 3*n = t*n - 50. What is the tens digit of n?
1
Suppose 2*f + 1 = 5. Suppose -f*k + 48 = 2*k. What is the tens digit of k?
1
Let z = 7 + -2. Let b(r) be the third derivative of r**6/120 - r**5/15 - r**4/6 + r**3/2 - 2*r**2. What is the units digit of b(z)?
8
Suppose -2*g = 5*x - 1127, -4*x - 4*g + 903 = -g. What is the tens digit of x?
2
Suppose 3*g - 6*i = -3*i + 63, i = -g + 23. What is the tens digit of g?
2
Let g = 126 - 76. What is the units digit of g?
0
Let z be ((-2)/(-4))/((-1)/2). What is the units digit of 2/2 + z - -5?
5
Suppose -3*r + 30 = -r. What is the tens digit of r?
1
Let l = -6 + 5. Let g be (-8)/8*l/1. Suppose -g = 2*s - 7. What is the units digit of s?
3
Suppose 5*p = -4*v + 193, -v + 2 + 0 = 0. What is the units digit of p?
7
Suppose 3*t - 21 = 4*h, 3*t + h - 4*h - 18 = 0. Let a = t + -1. Suppose 2 - 4 = -a*s. What is the units digit of s?
1
Let c(w) = 2*w**2 + w. Let q be c(-3). Let a = q - 3. What is the units digit of a?
2
Let z be (-16 - -1)*(-4)/10. What is the tens digit of (-1600)/(-35) + z/21?
4
What is the units digit of -3 + (-3)/(-6)*74?
4
Suppose m - 5*m - 12 = 0. Let d be (1/m)/(5/(-45)). Suppose -5*y + 3*q = -32, -4*q + 25 = -0*y + d*y. What is the units digit of y?
7
Let z(s) = s**3 - 7*s**2 + 13*s - 10. What is the tens digit of z(7)?
8
Let i(v) = 16*v - 20. What is the units digit of i(4)?
4
Suppose 5*z - c - 350 = 0, 4*z - z - 210 = 3*c. Suppose 0*h = -4*h - l + z, 2*h + l = 36. Let u = h - 9. What is the units digit of u?
8
What is the units digit of 750/21 + (-16)/(-56)?
6
Let u(z) = -5*z**3 + 5*z**2 + 2*z - 3. What is the units digit of u(-3)?
1
Suppose -3*q = 4*q - 581. Let v = -33 + q. What is the units digit of v?
0
Suppose 2*m + 3*m + 4*h - 12 = 0, m = 4*h + 12. Let w be (4/m)/(2/6). Suppose 4*s = -w*g + 2*g + 1, 0 = -g + 3*s + 22. What is the units digit of g?
3
Suppose 1931 - 767 = 4*m. What is the units digit of m?
1
Suppose 2*f = 18 - 2. What is the units digit of f?
8
Let m = -6 + 4. What is the tens digit of 9/(m + 3) + 1?
1
Let l(b) = 90*b**2 - b - 1. What is the tens digit of l(1)?
8
Let k(o) = o**2 + 8*o. Let v be k(-9). Let u = 3 - 2. Let t = u + v. What is the units digit of t?
0
Suppose 21 = 2*w + 5. Let h = w - 6. What is the tens digit of (-4 - h)/(-3) - -8?
1
Suppose -2*m + 11 = -5*b, -5*m + 10 = 2*b - 3. What is the tens digit of (3 - 9)*-1*m?
1
Let u = 3 - 1. Suppose 0 = -w - 0*w + u. What is the units digit of w?
2
Let y = 502 + -236. What is the units digit of y?
6
What is the tens digit of (1/(-3) + 14/(-30))*-95?
7
Let n be -1 + 1 - 120/8. What is the tens digit of 6/n - (-174)/10?
1
Let m = 94 + -16. What is the tens digit of m?
7
Let y be 1/(-2)*(-9 - 1). Let f = 6 - y. Let w = f + 1. What is the units digit of w?
2
Let w(s) = 2*s**2 + s + 11. What is the tens digit of w(7)?
1
Suppose 2*z + 6 = 3*z. Let s be z/21 + 6/(-21). Suppose -4*g - g + 45 = s. What is the units digit of g?
9
Let q = -25 - -49. Suppose -36 - q = -4*b. What is the units digit of b?
5
Let x = -15 + 6. Let l = x + 39. What is the units digit of l?
0
Suppose 0 = -2*s - 4*q - 12, 5*q + 7 + 30 = 3*s. Suppose -s*a + 0*u + 4*u = -24, 5*u = -10. What is the units digit of a?
4
Let i = 21 + 18. What is the tens digit of i?
3
Let x(a) = -a**3 - 5*a**2 + 2*a + 4. Let z be x(-5). Let r be ((-6)/(-2))/((-2)/z). What is the units digit of (-2)/r - 58/(-18)?
3
Let c = -37 - -73. What is the tens digit of c?
3
Let z = -24 - -3. Let k = -12 - z. What is the units digit of k?
9
Suppose 0 = -4*n + 2*z + 370, 3*n - 4*z = 4*n - 88. What is the tens digit of n?
9
Suppose -13 = 2*n - 5. Let v be 9/(n - -1) - -2. Let l = v - -14. What is the tens digit of l?
1
Let u(h) = -h - 1. Let l(v) = 12*v + 23. Let r(k) = -l(k) - 6*u(k). What is the tens digit of r(-11)?
4
Suppose -2 = 3*z - 26. What is the units digit of z?
8
Let w be (3/6)/(3/6). Let a be (1 - 0) + -1 - w. What is the units digit of (-18)/(-4)*(a - -3)?
9
Suppose 0 = d - 90 + 21. What is the units digit of d?
9
Suppose 0 = -8*y + 3*y - 15. Let d be (-2)/y*45/6. Let i = d + -3. What is the units digit of i?
2
Let c(l) be the third derivative of 7/60*l**5 + 0 + 1/12*l**4 + 0*l + 1/120*l**6 - 7/6*l**3 - 3*l**2. What is the units digit of c(-6)?
7
Suppose q + 2*l = 5*q + 6, q - 15 = -5*l. Suppose 2*s + 3*o + 17 = -0*o, 4*s = 2*o + 6. What is the units digit of ((-14)/(q + 2))/s?
7
Let j(p) = -2*p + 3. Let q(y) = -3 + y**3 + 0 + 7*y**2 - 1. Let n be q(-7). What is the units digit of j(n)?
1
What is the tens digit of (38/8)/(5 + 395/(-80))?
7
What is the tens digit of 546/27 + 2/(-9)?
2
Suppose 0 = m + 3*s - 42, -12 = -5*m + 5*s + 178. What is the tens digit of m?
3
Let a(u) = u**2 + 3*u - 3. Let r be a(-4). Suppose -25 = h + 4*h. What is the units digit of 8/(-20)*h*r?
2
Let v = -34 + 39. What is the units digit of v?
5
Let b(a) = -a**2 - 8*a + 4. Let z be b(-7). Suppose 60 = -z*o + 6*o. What is the units digit of 14/12 - (-2)/o?
1
Let v(h) be the first derivative of 1/4*h**4 - 3*h + 5/2*h**2 + 2*h**3 + 1. What is the units digit of v(-4)?
9
Let i = -40 + 59. What is the tens digit of i?
1
Let f = -1 + -6. Let r(m) = -m**2 - 7*m + 7. What is the units digit of r(f)?
7
Suppose 5*i = i + 104. Let f(v) = -v**3 + 5*v**2 - 4*v + 4. Let c be f(4). Suppose -14 = 4*j + c*k - 78, -2*j + i = -4*k. What is the tens digit of j?
1
Let g(a) = a**3 + 4*a**2 - 3*a + 4. Suppose -k = k - 2*f, -2*f - 8 = 0. What is the tens digit of g(k)?
1
Let f be 6/3 + (4 - 3). Let m = 8 + f. What is the units digit of m?
1
What is the units digit of (1 + 27/(-21))*-553?
8
Let m = -11 + 19. What is the units digit of m?
8
Suppose -h = 2*g - 345, -8*h + 3*h - 725 = -4*g. What is the tens digit of g?
7
Let a = 116 - 69. What is the units digit of a?
7
Suppose 3*d - 3*s + 17 = 2*d, 36 = -4*d + 4*s. Let c(w) = -4*w - 3. Let h be c(d). Suppose f + 16 = 2*x + 3*f, 0 = 3*x - 4*f - h. What is the units digit of x?
7
Let p(u) = u**3 + 9. Let w be p(0). Suppose b = c - 1 + w, 0 = -2*c - 10. Suppose t - 21 = -b*x, 15 - 5 = 5*t - 4*x. What is the units digit of t?
6
Let p be (-31)/(-11) - 10/(-55). Let s = p + -2. What is the units digit of (-3 - (s - -3))*-1?
7
Suppose -2*g = -91 - 151. What is the tens digit of g?
2
Let q = -11 + 53. What is the tens digit of q?
4
Let v(u) be the second derivative of u**4/12 + 4*u**3/3 + 9*u**2/2 - 2*u. What is the units d